 - -11634?
11653
In base 7, what is 330524 - -2?
330526
In base 5, what is -1311 - -122?
-1134
In base 9, what is -8625 - -7?
-8617
In base 4, what is 10110330 - -10230?
10121220
In base 3, what is 120021110 - 12?
120021021
In base 9, what is -164656 + -2?
-164658
In base 14, what is -92 - -89?
-7
In base 14, what is -2a61 - 0?
-2a61
In base 7, what is -44205 - -6?
-44166
In base 6, what is -3124 - -10?
-3114
In base 14, what is -cd2c + 9?
-cd23
In base 4, what is 333 + 2112?
3111
In base 9, what is -548 - -2388?
1740
In base 14, what is 5 + 476b0?
476b5
In base 8, what is -16054 - -351?
-15503
In base 12, what is 306 + 122?
428
In base 16, what is -c - 564?
-570
In base 8, what is 1 + 3070?
3071
In base 8, what is 5 + -157424?
-157417
In base 11, what is 2272 - 1532?
840
In base 6, what is 5550 + -13?
5533
In base 3, what is -1 + -1002201111110?
-1002201111111
In base 4, what is -30321 - 130322?
-221303
In base 10, what is 4646 - 3?
4643
In base 3, what is -111 + -21102001?
-21102112
In base 13, what is -a + -1190a5?
-1190b2
In base 5, what is -30124442 - 2?
-30124444
In base 3, what is -2020120000 + -10?
-2020120010
In base 3, what is -12 + 2000222120?
2000222101
In base 4, what is 1 - 23011032?
-23011031
In base 3, what is -212 + 10102?
2120
In base 6, what is 5 + 32102?
32111
In base 6, what is -22214 - 2?
-22220
In base 9, what is 87 - 2287?
-2200
In base 11, what is -a75 + -a?
-a84
In base 7, what is -12 - -236661?
236646
In base 12, what is -8783 - 5?
-8788
In base 6, what is 4 - 23535?
-23531
In base 16, what is -a + -1559?
-1563
In base 15, what is -20b - -21?
-1da
In base 2, what is -101110 + -10010010?
-11000000
In base 14, what is -1c0dd8 + -a?
-1c1004
In base 15, what is -4691c7 + -2?
-4691c9
In base 16, what is -2 - 2b01?
-2b03
In base 16, what is 64b1 + 22?
64d3
In base 6, what is -23 - -15141?
15114
In base 9, what is -113 + -4377?
-4501
In base 14, what is -33b + -9b?
-3d8
In base 4, what is -1231 + 30003?
22112
In base 9, what is 6553 + -88?
6454
In base 15, what is -435 + -18c?
-5c2
In base 16, what is 16c0 - -3?
16c3
In base 5, what is 10242 - -221?
11013
In base 5, what is 11 + -41440?
-41424
In base 6, what is 153030315 + -1?
153030314
In base 12, what is 4242 - 0?
4242
In base 7, what is -2136206 + 2?
-2136204
In base 3, what is 10 - -121212201000?
121212201010
In base 15, what is 3164 - 0?
3164
In base 9, what is -1338 + -1621?
-3060
In base 5, what is 4111 + -2112?
1444
In base 16, what is -cd7b + 3?
-cd78
In base 8, what is 164 - 212?
-26
In base 9, what is -5 - -506348?
506343
In base 4, what is -1120012 + 12123?
-1101223
In base 13, what is -1c33 + 241?
-19c2
In base 9, what is 2 + -6817?
-6815
In base 3, what is 1 - -12122102?
12122110
In base 2, what is -100100000 + -1001000?
-101101000
In base 15, what is 2c66a9 - 3?
2c66a6
In base 4, what is 2321111 - -11?
2321122
In base 7, what is -10014 - 23?
-10040
In base 11, what is -a153 - 11?
-a164
In base 8, what is -12 + -1054?
-1066
In base 8, what is 25 - 16122?
-16075
In base 4, what is 10001 - 132312?
-122311
In base 16, what is -b41 - d?
-b4e
In base 14, what is 686b + 2?
686d
In base 11, what is 1a - 7494?
-7475
In base 16, what is -10a8 - 83?
-112b
In base 16, what is -3 - -d68?
d65
In base 5, what is 214 - -42444?
43213
In base 5, what is -2023 - 422?
-3000
In base 8, what is -5 + 14073?
14066
In base 5, what is -3242331 - -4?
-3242322
In base 6, what is 333 - 222?
111
In base 11, what is -7 + 13444?
13438
In base 7, what is 44420 - 51?
44336
In base 5, what is -2324 - 340?
-3214
In base 5, what is 1432333 - 10?
1432323
In base 7, what is 145652 + 5?
145660
In base 3, what is 0 - -11220200000?
11220200000
In base 2, what is 100 - 101000010000011001?
-101000010000010101
In base 4, what is -3012 - 222130?
-231202
In base 13, what is 54 - aa5?
-a51
In base 10, what is -78179 + 6?
-78173
In base 14, what is 151 - 45b?
-30a
In base 2, what is -1000010101111101 - 10?
-1000010101111111
In base 12, what is -24 + -19610?
-19634
In base 5, what is 11140324 - -2?
11140331
In base 4, what is -12103321 - 11?
-12103332
In base 5, what is 142300231 + 0?
142300231
In base 16, what is d36 - 1ae?
b88
In base 4, what is 0 - -21121223?
21121223
In base 6, what is 445 + -431?
14
In base 9, what is 73 - -1781?
1864
In base 7, what is 2 + 1565421?
1565423
In base 6, what is -3145 - 1211?
-4400
In base 3, what is -110102 - 1100220?
-1211022
In base 4, what is -10 + -333131011?
-333131021
In base 12, what is 24a6 + 11?
24b7
In base 14, what is 20d865 + 3?
20d868
In base 12, what is 435 - 79?
378
In base 14, what is -50 - -49?
-5
In base 11, what is -2800 - -4?
-27a7
In base 13, what is 45bbc - 0?
45bbc
In base 4, what is -21111 + -130100?
-211211
In base 12, what is 7 - -1b865?
1b870
In base 14, what is 144c0 + -5?
144b9
In base 10, what is 383328 + -5?
383323
In base 9, what is -102013 - 6?
-102020
In base 16, what is c273 - -23?
c296
In base 14, what is -116 - 12b2?
-13c8
In base 9, what is -745 + -13?
-758
In base 6, what is 11330 - 1154?
10132
In base 4, what is 202 - 10110222?
-10110020
In base 2, what is 110000100000000010 + 11?
110000100000000101
In base 2, what is 11011010000011010 - 11?
11011010000010111
In base 3, what is -1 + -1022200201111?
-1022200201112
In base 15, what is -1 + -2217?
-2218
In base 12, what is 64721 + 3?
64724
In base 3, what is -100202 + 202101?
101122
In base 16, what is 2ce8 + 17?
2cff
In base 8, what is 5 + -570457?
-570452
In base 12, what is b51a7 - 6?
b51a1
In base 9, what is -24815 + -82?
-25007
In base 9, what is 57511 + 44?
57555
In base 14, what is 750 - -6c9?
1039
In base 2, what is -10110101 + 10001110101?
1111000000
In base 10, what is -1 - -16207?
16206
In base 4, what is -3 + -3320?
-3323
In base 15, what is 18b + 644?
7d0
In base 5, what is 1 - 14333134?
-14333133
In base 10, what is 26 - -73831?
73857
In base 16, what is -52a + 15?
-515
In base 11, what is 178561 + 2?
178563
In base 6, what is 531340 - 0?
531340
In base 2, what is -11011 - 111100000?
-111111011
In base 14, what is -4 - 87100?
-87104
In base 14, what is 47 + 6916?
695d
In base 6, what is 43124 + 14?
43142
In base 10, what is 18214 - 4?
18210
In base 7, what is -353 + 41?
-312
In base 14, what is -488da + 5?
-488d5
In base 11, what is 13 - -57663?
57676
In base 3, what is -2 + 102201111?
102201102
In base 8, what is -4 + 103237?
103233
In base 11, what is 1 + 9219?
921a
In base 2, what is -10111 + -110010011111010001?
-110010011111101000
In base 6, what is 1130434 + -21?
1130413
In base 12, what is 180b0 + 40?
18130
In base 9, what is 1 + 121778?
121780
In base 4, what is 100220 + -130001?
-23121
In base 3, what is -21 - -10210120?
10210022
In base 7, what is 306041 - -121?
306162
In base 8, what is -45 - 4614?
-4661
In base 16, what is -5 + 1b49?
1b44
In base 5, what is 3 - -14332144?
14332202
In base 2, what is -11001100111 - 1101101?
-11011010100
In base 5, what is -4 - -2240123?
2240114
In base 5, what is 13041312 - -10?
13041322
In base 11, what is 1107 + 4?
1110
In base 7, what is -26000200 + -4?
-26000204
In base 13, what is -4 - -33b58?
33b54
In base 11, what is -1576 - -12?
-1564
In base 10, what is 133041 - 4?
133037
In base 11, what is 88446 + -3?
88443
In base 11, what is -2 + -26221?
-26223
In base 8, what is -114 - -274?
160
In base 15, what is -14b1e + 0?
-14b1e
In base 3, what is 0 - 101011121?
-101011121
In base 8, what is -3 - 10342?
-10345
In base 9, what is 21 - -37082?
37113
In base 6, what is -145021121 + -3?
-145021124
In base 2, what is 1010111000100001000001 + 0?
1010111000100001000001
In base 2, what is -1 + 110101010111100111?
110101010111100110
In base 13, what is -2 + 2990b9?
2990b7
In base 8, what is 2615 - -2631?
5446
In base 8, what is -1 - 11251?
-11252
In base 15, what is -6653b + 2?
-66539
In base 8, what is 27 - 1033?
-1004
In base 14, what is -ba - 34?
-110
In base 16, what is 11 + -b2cc?
-b2bb
In base 6, what is -435 + -2113?
-2552
In base 8, what is -10 - -22035?
22025
In base 10, what is -5776 - -2?
-5774
In base 9, what is 12 - -8866?
8878
In base 3, what is 211010001202 + -2?
211010001200
In base 4, what is -13303232 + 11?
-13303221
In base 10, what is -657020 - 1?
-657021
In base 6, what is -2 - -34535?
34533
In base 3, what 